 -5) + -21
-19
Evaluate (26 - 33) + 15 + 7 + 40 + 0.
55
Evaluate 16 - (-106 - (-3 - -5) - (76 + -76)).
124
Calculate 56 - (9 - -2 - (-302 + 291)).
34
Calculate -54 + (40 - 36) - -71.
21
Evaluate (-185 + 327 - 75) + 0 + -4 + 11 + 0.
74
What is the value of (-13 - 0) + 13 + -24 + 8?
-16
Evaluate 12 + (938 - 928 - (23 - -3 - -1)).
-5
Evaluate 95 + -76 + 53 - 20.
52
66 + -8 + 7 + (-232 - -245) + (1 - 11)
68
What is -16 + 14 - ((0 - -8) + 0 - (-1 + 19))?
8
Evaluate -12 - -25 - ((-35 - -1) + 53).
-6
Calculate (-9 - 13) + (5 - (19 + -7 + -4)).
-25
Calculate 29 - -11 - (-24 - (-45 + 82)).
101
Evaluate -69 - (-1 - 6 - 15).
-47
What is the value of -1 + 8 - (-53 - -73) - (1 + 2)?
-16
Evaluate (7 - (-69 + 73 - (1 - 0))) + 12.
16
Evaluate -29 + 32 + 32 + -58.
-23
(27 - 61) + -55 - -43
-46
Calculate 5 - (-13 + 32 + -16) - -70 - 17.
55
What is (-54 - (-5 - 119)) + -29?
41
Calculate -60 + -1 - (396 - 397 - (-3 - 7)).
-70
What is 44 + -148 + 92 + 20 + -1 + 0 + -17?
-10
Evaluate (97 + -58 - -179) + -118.
100
Evaluate -109 + (-14 - -30 - 6) + -5.
-104
Evaluate (-63 - (-6 + -3) - (-22 + 1)) + -22.
-55
What is the value of 31 - ((-7 - (-2 - ((-10 - -12) + -1))) + 10)?
25
-63 + (117 - (61 + 19))
-26
What is -37 + (-71 - (-73 + -16))?
-19
What is the value of -8 - (-8 - (-20 - (-13 + 0)) - (-31 + 1))?
-37
Calculate (0 - 2 - -4) + -1815 + 1800.
-13
Calculate -52 + (-6 - -17) + 90.
49
Evaluate 43 - (38 + -62 + 27).
40
-26 - ((-2 + -2 - 4) + 157 + -144)
-31
Evaluate -1 + -2 + (164 - 148) + 19.
32
What is the value of 5 - (93 + (0 - -6)) - (5 + -27 + 19)?
-91
What is the value of (49 - (-20 + -26)) + (-3 - -1) + -2 + 9?
100
(5 - -1 - -27) + 281 + -276
38
Calculate -157 + 50 + 113 - (9 + -1).
-2
Calculate 144 + 0 - (-13 - (-28 + -16 + 18)) - -13.
144
What is the value of -15 - (-6 + 9 - (0 - 7))?
-25
What is -77 + (88 - 56) + 69?
24
What is -29 - -33 - (-106 + 108 - (-37 - 0 - 1))?
-36
-3 + -3 - ((-23 + 35 - 9) + -9)
0
(-112 - 26) + (11 - -81)
-46
What is 14 - (9 + (-68 + 60 - (-3 + (11 - 1))))?
20
-25 + 15 + (-14 + -32 - (-8 + 5 + -3))
-50
What is 1 + 14 - (-37 + 13 - 17)?
56
What is 19 + -40 + 12 + -11?
-20
66 - (55 - (92 + -68))
35
What is the value of -6 + 66 + -81 - -60?
39
Evaluate 26 + -41 - (13 - 6 - 0).
-22
Calculate (-2 - 57) + (0 - -8) + 12 - -13.
-26
What is (-23 - -36 - (10 + -2)) + (-1 - -3) + 22?
29
What is 26 + (-2 - 13) + 13 + 11 + 1?
36
((8 + -3 - 0) + 8 + -6 - -33) + 5
45
What is the value of (31 - -31) + -34 - 28?
0
Evaluate (14 - (8 + 58)) + 36 + (3 - -49).
36
Calculate 39 - (-29 + 27 + -1).
42
Calculate 0 + (9 + 16 - -34) + 28.
87
Evaluate (5 - 27 - -20 - -3) + -1 + 3 + -34.
-31
Calculate 9 + -20 - (-6 + (-15 - -12)) - (-29 - 6).
33
What is the value of -57 + (1 - -59) + -28?
-25
Evaluate 34 - (139 + -14 + -14 + 11).
-88
What is -97 + (-35 - (-19 - 51))?
-62
What is the value of 0 - -44 - (-30 + 26 + 40 - 24)?
32
What is the value of 11 + -20 + 15 + 144 + -112?
38
What is (-11 - 1) + (5 - (8 + -30 - -5))?
10
Evaluate -70 + 13 + (33 - 14) - -6.
-32
What is -24 + 4 + (31 - (-9 - 26))?
46
What is (11 + -40 + 65 - 31) + 23?
28
What is -483 - -278 - -240 - (-6 - (0 + 2))?
43
What is the value of (-120 - -134) + (3 - 44) - -15?
-12
(43 - -21) + (-17 - (18 + -21))
50
Calculate -36 - (-33 + 15) - 30.
-48
What is 13 + 1 + (-3 + 0 - (-669 + 663))?
17
Evaluate 9 + 0 + 11 + -12 - (393 + -346).
-39
Calculate -34 + 23 + 27 + -6 - (9 + (-2 - -2)).
1
Calculate (-63 - -17) + 85 - 77.
-38
What is the value of -1 + -11 - ((-14 - 6 - -11) + 6) - 42?
-51
Calculate (273 - 126 - 91) + -149.
-93
What is (2 - (9 + -25 + 11) - -7) + -17?
-3
What is 32 + -11 + 13 + 5 + -20?
19
Evaluate -2 + (-11 - 54) + 46.
-21
Evaluate (-66 - 128 - -27) + (0 - (-5 + -9)).
-153
Calculate 91 + (-110 - -37) + -1 + 5.
22
Calculate 26 + (-5 - 48) + 99 + 1.
73
Calculate -1 + -1 + (4 + -2 - 65 - (-41 - -21)).
-45
What is the value of 17 - (97 + -91 + -5 + 54)?
-38
-9 - (20 + -31) - -59
61
(0 - -7 - (-51 + -10 - -60)) + -1 + 14
21
Evaluate -66 - -21 - (-3 - (5 - -21)).
-16
Calculate (28 + -17 - 17) + (-1 - 17) + 20.
-4
(-31 - -19 - -76 - 3) + -25
36
What is the value of (1 - -5 - (-32 + 52)) + -3 + 38?
21
Calculate -10 + (43 + -9 - 7 - 19) + -3 + -42.
-47
-22 + -73 + (21 - 1 - 10) + -4
-89
What is the value of 5 + (9 + 0 + -70 + 77 - 11)?
10
What is (-4 - -2 - -41) + (7 - -7) - 8?
45
What is the value of -29 - (-18 + -9) - 19 - -9?
-12
Calculate -2 + 26 - (-76 + -21 + 87).
34
12 + (2 - (-6 - -11)) + -49 + -6
-46
Calculate ((14 - -3) + -6 - 23) + 17.
5
-7 + (-3 - (-12 - (-7 - 4))) + 38
29
What is the value of (6 - -16) + (-18 - 11)?
-7
206 + (9 - 259) + (0 - -41)
-3
What is the value of 5 - (-14 + 2 + (9 - 4 - 4 - -93))?
-77
Evaluate -3036 + 3023 + ((0 - 2 - -5) + -4 - -105).
91
What is ((-28 + 3 - -32) + -1 + -10 - -25) + -4?
17
Calculate -7 + (-2 - -3) - 21 - (-19 - -9).
-17
Evaluate 1 + 4 - 37 - (-1 - (-1 + 12)).
-20
23 + 0 + 36 + (-10 - 9)
40
Evaluate -16 - (-13 - ((-15 - -15) + -7 + -71)).
-81
Evaluate 2 + 1 + -9 + 3 + (-16 - -17) + -5.
-7
Evaluate (159 - 20 - 63) + -43.
33
What is the value of 8 + -62 + 21 + 25 + 15?
7
-1 + 46 - (6 - (-12 + 1 - (-25 + 8)))
45
472 + -493 + -1 + 20 - (-9 - 0)
7
What is the value of -127 + 19 + 76 - -63?
31
Evaluate (-11 - (25 + 12)) + -5 + (2 - -8).
-43
Evaluate (-22 + -8 + 51 - -4) + -6 + 1.
20
What is 1 + -2 + 0 - 1 - (-225 + 236 + -4)?
-9
5 + (-6 - (6 - -2 - 9)) - (48 + 40)
-88
What is the value of 8 - 4 - (-4 + 8 + -25 - -7)?
18
What is the value of 2 + (-7 - (1 - 5)) + 12 - 11?
0
-23 + 3 + 1 - (-22 - -23)
-20
What is the value of (4 - -67) + -49 + -18?
4
-1 + -2 + 47 + -5 - (-75 - (4 - 75))
43
(-17 + 1 - (68 + -36)) + -22
-70
Calculate 2 - 31 - (101 - 58 - 58).
-14
Calculate -22273 + 22253 + 80 + 1.
61
Evaluate (40 - (101 - (15 + 18))) + -14.
-42
-9 + 16 + -223 + 24 + 81
-111
What is 11 - (0 + 49 - (237 - 229))?
-30
What is the value of (-8 + 7 + -4 - -15) + -19 + 8 - 32?
-33
What is (37 + -49 - 25 - -37) + 2 + 12?
14
Evaluate -2 - ((-5 + 3 - -3) + 16) - (2543 - 2533).
-29
Evaluate 69 + -10 + -10 - (-4 + 23).
30
What is the value of -3 - (7 + 26 + -14 - -17) - -3?
-36
Evaluate 35 - (130 + (-11 - (25 + -17))).
-76
Evaluate 68 - -2 - (731 - 738 - (2 + -2 + -4)).
73
What is the value of 1 + 18 - (-17 + 96 - 8)?
-52
Calculate -32 + 2 + (11 - -9) + -34.
-44
Evaluate (-1612 - -1553) + (0 - 7 - 3).
-69
Evaluate 0 - (5 - (-68 + 47 + (-3 - -16))).
-13
Evaluate -94 + 104 + (-28 - 0) + 18.
0
What is (1 - -1) + (21 - (35 + -18) - (-6 + -1))?
13
Calculate (30 - -2 - 2) + 12 + 27 + -7 + -38.
24
-31 - -78 - (-6 - -32)
21
Evaluate (-2 - (-5 - -7)) + 5 + 11 + (10 - -26).
48
What is the value of (-10 - 3) + 59 + -112 + 46?
-20
(0 - -2 - -12 - -1) + -1645 + 1653
23
What is the value of -37 + 13 + (-37 - -66)?
5
2 + 12 + (1195 - 1101) + (-42 - -1)
67
Calculate (499 - 501) + (4 - 2) + (2 - -39).
41
Evaluate -4 + 3 + -40 + 4 - (563 + -561) - 7.
-46
Calculate 27 + (5 - (-12 + 9 + -7)).
42
What is 7324 + -7304 - (71 - (-2 - -3))?
-50
What is -20 - ((0 + 4 - 0) + -95 + (-130 - -211))?
-10
What is the value of -1 + (18 - (-7 - -9) - 28)?
-13
Calculate (0 + 2 - -21) + (-37 - (-36 + 7)) + -3.
12
3 + -10 + -11 + (13 - -76) + -5 + -1
65
-26 + (-18 - -23) - (9 - 18)
-12
Evaluate 21 - 96 - 48 - -122.
-1
-19 - (136 + -86 + -41)
-28
Evaluate 40 - (-78 + -10 + 74).
54
Evaluate -13 + (-23 - (2 + -21)) + 5.
-12
(1 - 0) + 0 - (2321 + -2332)
12
What is -42 + (-22 - 0 - (-162 - -149))?
-51
Evaluate (-91 + 68 - (-1 + -17)) + 11 + 1 - 58.
-51
What is the value of 108 + (-78 - (29 + -57)) + 36?
94
What is the value of 20 - ((6 - (-1 - -2) - -100) + 12)?
-97
Evaluate 82 + -6 + 166 + -151 + (-4 - (6 - -1)).
80
What is the value of -150 - -113 - (-59 + -20 + 14)?
28
Calculate 23 + 20 + 49 + -15.
77
Calculate 40 + 19 + 19 + -19 - 16.
43
Calculate 2 + 0 + -6 - (16 - (-44 + 18)).
-46
What is 23 - ((49 - 46) + 26)?
-6
48 + (0 + -13 - (-97 - -91)) + -1
40
Evaluate (2 - -13) + -61 + 39 - (0 + 113).
-120
What is the value of 61 + -68 - (-90 - (-6 + (11 - 3)))?
85
What is 11 - (11 + -27 - -19 - -12) - -60?
56
What is -1 + -50 + -64 + 240?
125
What is 44 + (-28 + 3 - (411 + -472))?
80
Calculate -39 - -39 - -114 - 229.
-115
What is -46 + (34 - -8) - (-1 + (7 - (8 + -4)))?
-6
Calculate -6 + 17 + (101 - 138).